 common divisor of 15 and s.
15
Let p be (1 - 2)/((-3)/21 - 0). What is the highest common divisor of 1 and p?
1
Let y be (-8)/(-48) + 179*(-4)/(-24). What is the highest common divisor of y and 5?
5
Suppose 2*s - 12 - 20 = 0. Let m be 48/27 + (-4)/(-18). Suppose 2*n + 26 = 4*w, 0*w + 3*n = m*w - 23. Calculate the greatest common factor of w and s.
4
Let f be 72 - 4/(-10)*-5. Let n be (f/3)/((-6)/(-18)). Let k be (-8)/(-16) + n/4. Calculate the greatest common factor of k and 54.
18
Let q(h) = -h**3 + 19*h**2 + 22*h - 1. Let g be q(20). Suppose 0 = 2*m + i - g, m + 3*i - 24 - 3 = 0. What is the highest common factor of m and 12?
6
Suppose 2*u - 3*u + 18 = 2*s, 3*u = -s + 29. Let r be u/14 - (-4284)/49. Calculate the highest common factor of r and 132.
44
Suppose -3*f - 3*t - 18 = -8*f, 4*t = 2*f - 10. Let c be (84/(-8))/f*-12. Let o = 7 + 7. What is the highest common factor of c and o?
14
Suppose 9*u - 4*u = 170. Let g = 11 - u. Let x = -16 - g. Calculate the greatest common factor of 21 and x.
7
Let y(u) = -107*u**3 + 9*u**2 - 13*u - u**2 + 106*u**3. Let h be y(3). What is the greatest common divisor of h and 21?
3
Suppose s = f - 6*f + 19, 0 = -f + 3*s + 7. Let l(m) = -m**3 - 8*m**2 - 4 + f + 8 + 1 - 8*m. Let i be l(-7). Calculate the highest common divisor of i and 8.
8
Let h be ((-5)/((-15)/(-3)))/((-2)/338). Suppose -9*q + h = -281. What is the greatest common factor of q and 450?
50
Let w be 2/15 + (-25824)/(-720). Calculate the highest common factor of w and 60.
12
Suppose 0 = -2*p - g + 39, -2*g = -0*p - 4*p + 74. Let n = 31 - p. Calculate the greatest common factor of 48 and n.
12
Suppose -5*s - 77 = 33. Let y = -7 - s. Calculate the highest common divisor of 5 and y.
5
Let y be 10*((14 - 15) + (-13)/(-5)). Let s be (-7)/(7/(-6)) - -2. Calculate the highest common divisor of y and s.
8
Suppose 0 = r + 22 + 12. Let a = r - -52. What is the greatest common divisor of a and 36?
18
Let c be 15 + -8 + 2 + 66. Calculate the highest common factor of 125 and c.
25
Let m = 518 - 428. Calculate the greatest common factor of 225 and m.
45
Let w be 8/28 - 5/(-7). Suppose -3*r - 4 = 5. Let a be (-9)/(54/8)*r. What is the greatest common divisor of a and w?
1
Let c(p) = -81*p + 585. Let d be c(-7). What is the greatest common divisor of 9 and d?
9
Let y(i) = i**3 + 13*i**2 - 14*i + 28. Let a be y(-14). Let s be 204/42 - (-4)/a. Calculate the greatest common divisor of s and 3.
1
Let x be -5 - (-8 - (-3 + -1)) - -92. What is the highest common factor of 49 and x?
7
Suppose g - 3*g + 28 = -4*f, 4*g - 92 = -f. Let a be (12/(-2) - -5)/((12/99)/(-4)). Calculate the highest common divisor of g and a.
11
Suppose 0*v + 10*v - 160 = 0. Suppose -2*h + 2 = -2. What is the highest common divisor of h and v?
2
Let s(z) = -63*z - 3. Let v be s(-1). Suppose -2*u + v = 2*u. Calculate the highest common factor of u and 5.
5
Suppose 5*a = 50 - 5. Let j be (-3)/a*-6 - 22. Let x = 25 + j. Calculate the highest common factor of 25 and x.
5
Let y be (-15)/(-30) - (-7)/2. Suppose -y*x = 4*m + 128, 5*x + 63 + 10 = -2*m. Let u = m + 52. Calculate the greatest common divisor of 92 and u.
23
Let j(h) = 8*h**2 - 25*h - 14. Let m be j(8). What is the highest common factor of 447 and m?
149
Suppose 52 = 4*a + 4*h, -12 = -0*a + a - 4*h. Let o be (-12)/a*(-196)/6. Suppose -13 + 41 = 4*w. Calculate the highest common factor of o and w.
7
Suppose -4*n - 14 = -2*l, 5*n = n - 8. Suppose -5*h = 4*f + 7, f = -l*f - 12. Let y be 50 - (2 + 0)*h. What is the greatest common divisor of y and 12?
12
Let r be 19/38 - 2/(-4). What is the greatest common factor of 9 and r?
1
Let h = 21 + -15. Let b(l) = l**2 - 2*l + 6. Let u be b(2). Calculate the greatest common divisor of u and h.
6
Suppose 0 = -709*k + 716*k - 168. Calculate the greatest common factor of k and 3.
3
Let z = 8 - 2. Let y(g) = -g**2 + 31*g - 55. Let n be y(29). What is the highest common divisor of z and n?
3
Let t = 891 + -241. What is the greatest common factor of 100 and t?
50
Let u be 0 - (204/(-2) - (-282)/47). What is the highest common divisor of 416 and u?
32
Let d(y) = -y**3 - 2*y**2 - y + 2. Let h be d(-2). Let i be 1/h + (-114)/(-24). Let v = 72 - 42. What is the greatest common divisor of i and v?
5
Suppose p = 2*j + 42, -5*j - 47 = -2*p + 36. Calculate the greatest common factor of p and 506.
22
Let v be 101/7 - (-21)/(-49). Suppose 17*l = v*l + 96. What is the highest common factor of l and 128?
32
Let j = 198 - 188. What is the highest common factor of 80 and j?
10
Let m(x) = -x + 7. Let g be m(5). Let p(i) = 17*i - 11. Let l be p(g). Calculate the greatest common factor of l and 253.
23
Suppose -11*j - 17*j = -2240. Calculate the greatest common factor of j and 64.
16
Let o = -89 - -61. Let l = o - -50. Let r(d) = -d**2 - 10*d - 22. Let n be r(-6). What is the highest common factor of n and l?
2
Suppose 0 = -4*a + 5*i - 415, 3*a + 0*a = i - 314. Let m = a - -168. What is the highest common divisor of m and 21?
21
Let w(a) = a + 9. Let u be w(0). Suppose 3*y + 21 = 3*j, 5*j + 9*y - 4*y + 5 = 0. What is the highest common factor of j and u?
3
Let m(s) = -s**3 - 20*s**2 + 19*s - 26. Let l be m(-21). Let z(k) = 47*k**2 - 2*k - 1. Let c be z(-1). What is the highest common factor of c and l?
16
Let r = -5 + 6. Let y be 4/(-8) + ((-18)/(-4))/r. Let k(x) = -x**3 - x**2 + 6*x + 4. Let v be k(-4). Calculate the greatest common factor of v and y.
4
Suppose -4*k = -3*l + 164, 4*l - 36 = -2*k + 212. Let u = 61 + -55. What is the highest common divisor of u and l?
6
Suppose -18*g = -12*g + 12. Let m be (-45)/g - 18/12. Calculate the greatest common factor of 21 and m.
21
Let b be (6*(-63)/(-54))/1. Calculate the greatest common factor of 189 and b.
7
Suppose -798 + 254 = -16*d. What is the highest common factor of d and 2482?
34
Let d(f) = -5*f + 35. Let p be d(6). Suppose p*l + 0*l = 5. Let n(q) = q + 5. Let u be n(-4). Calculate the highest common divisor of u and l.
1
Suppose 3*r + 0*r = 27. Suppose 127*y - 140*y = -819. What is the highest common divisor of y and r?
9
Let q be -45*(1 + 1 + -4)/6. What is the greatest common divisor of 85 and q?
5
Let w = 82 - 28. Let x be (45/(-20))/(6/(-16)). What is the highest common factor of w and x?
6
Let v = 9 + -5. Suppose 5 = 5*a - 2*d + 4*d, -29 = -3*a + v*d. Suppose 308 + 97 = a*z. What is the greatest common factor of z and 15?
15
Let p be ((30/(-4))/3)/(3/(-126)). Let o(a) = 10*a - 25. Let x be o(4). What is the greatest common divisor of x and p?
15
Let a be (-800)/(-140)*7/2. Calculate the highest common divisor of a and 980.
20
Let d = -14 - -13. Let q be ((-1)/d)/(8 + -9). Let i be -32*q*1/2. What is the greatest common divisor of 32 and i?
16
Let j = 952 + -931. Calculate the highest common factor of j and 189.
21
Let x(t) = 24*t**2 + 16*t + 14. Let d be x(-1). Suppose v + 3 = 0, -g + 0*g + 4*v - 6 = 0. Let k = g + 29. What is the greatest common divisor of d and k?
11
Let g be 198/8 - -5*(-8)/(-160). Calculate the greatest common factor of 1875 and g.
25
Let s be (-1)/(-3) + (-776)/(-12). Let z = -32 + s. Let p be -1 + (-4)/4*-23. What is the greatest common factor of z and p?
11
Let w = -457 - -499. Calculate the highest common divisor of w and 112.
14
Let p(w) = -5*w - 4. Let b be p(-4). Let c = 36 - b. Calculate the greatest common divisor of 160 and c.
20
Let q = -438 + 452. Let u be -8*(2 - (11 - 2)). What is the greatest common factor of u and q?
14
Let r = -26 - -43. Let m = -15 + r. Suppose 0*i - 138 = -m*i. Calculate the greatest common factor of 23 and i.
23
Let s(d) = -10*d + 92. Let m be s(5). Calculate the greatest common factor of 18 and m.
6
Suppose 20*y - 2046 = 17*y. What is the highest common divisor of 22 and y?
22
Let k = 56 - 47. Let i be (-3)/k*12/8*-22. What is the greatest common factor of i and 121?
11
Let d be -7 + 3 + 5 - (3 + -33). Suppose c - d = -5*h, -3*c + h = -13 - 0. Suppose -b - 4*b + 20 = 0. Calculate the greatest common factor of c and b.
2
Suppose -p - 2*p = -12. Suppose 3*c - 186 = -3*g, -p*c + 4*g + 263 = 3*g. What is the highest common factor of c and 26?
13
Let g = 7 + -6. Suppose -h - g = -3, -5*h = -q. Let k be ((-36)/45)/((-4)/10). Calculate the highest common divisor of q and k.
2
Let r(n) = -8*n - 16. Let a be r(-4)